1925209 prime?
True
Is 56222057 a composite number?
False
Is 31763375197 a composite number?
False
Is 3104479383 a composite number?
True
Is 58263551107 prime?
True
Is 1014518399 prime?
False
Is 328683169 a composite number?
False
Is 6142165889 a composite number?
False
Is 3737112779 composite?
False
Is 3610197355 a prime number?
False
Is 58086353159 a composite number?
False
Is 12314998897 composite?
True
Is 2027188807 a composite number?
True
Is 273038401 composite?
False
Is 7488252521 prime?
False
Is 254126443241 a composite number?
True
Is 32509172897 a composite number?
True
Is 3316565453 prime?
False
Is 6800500193 a composite number?
False
Is 2010051089 a composite number?
True
Is 55138157743 prime?
False
Is 3282456137 a composite number?
False
Is 143575687 a prime number?
False
Is 1036770583 a composite number?
True
Is 849078667 composite?
False
Is 375663653 prime?
True
Is 708048043 a prime number?
True
Is 145303919 a prime number?
True
Is 1343601811 a composite number?
False
Is 2077140619 a composite number?
False
Is 2856547691 a prime number?
True
Is 380021207257 a composite number?
False
Is 54554349947 a prime number?
False
Is 468332867 a prime number?
False
Is 2142183941 a composite number?
False
Is 15758969 composite?
False
Is 25225880203 a composite number?
False
Is 7320372223 a composite number?
False
Is 2483521847 a prime number?
False
Is 472794781 a prime number?
False
Is 1915498583 composite?
True
Is 8721561407 prime?
False
Is 496050439 a prime number?
True
Is 10645964647 composite?
True
Is 1548110237 prime?
False
Is 4039860647 a composite number?
False
Is 84115936039 a composite number?
True
Is 2535985021 prime?
True
Is 3537541573 prime?
True
Is 742266289 composite?
False
Is 611349967 a prime number?
True
Is 7564693679 a composite number?
True
Is 700099007 a composite number?
False
Is 1099116983 prime?
True
Is 3031702879 composite?
False
Is 2673278473 prime?
False
Is 2135927803 a prime number?
True
Is 575650853 prime?
False
Is 19230590739 prime?
False
Is 174817201 composite?
True
Is 808048147 a composite number?
False
Is 846675341 a prime number?
True
Is 3920023573 composite?
False
Is 20928814031 prime?
True
Is 827043787 prime?
True
Is 38149556399 a composite number?
True
Is 1038789133 a prime number?
False
Is 353984597 composite?
False
Is 51456007 composite?
False
Is 51874115 a composite number?
True
Is 315156431 a prime number?
True
Is 118116697 prime?
False
Is 543350359 prime?
False
Is 9244922233 composite?
False
Is 2042443583 a prime number?
True
Is 26187295223 a composite number?
True
Is 44418482527 composite?
False
Is 219040643 a prime number?
True
Is 43610666279 composite?
False
Is 599189543 composite?
False
Is 35031523027 composite?
True
Is 2577695209 a composite number?
True
Is 696115297 composite?
False
Is 9300293735 prime?
False
Is 9631570297 a composite number?
False
Is 9812054279 composite?
False
Is 177794892481 prime?
True
Is 917188681 a composite number?
False
Is 441239221 composite?
True
Is 97419547441 composite?
False
Is 2405979703 a prime number?
False
Is 15195457229 a prime number?
True
Is 20501689865 composite?
True
Is 197247157 a composite number?
False
Is 287596747 composite?
False
Is 3004673257 a composite number?
True
Is 714766057 prime?
True
Is 5314113631 prime?
True
Is 4378441583 prime?
False
Is 1589259523 composite?
True
Is 690967067 a prime number?
False
Is 1093818361 prime?
False
Is 1164199187 composite?
False
Is 1106790547 a prime number?
False
Is 1044922397 composite?
True
Is 984723553 a prime number?
False
Is 36682316133 prime?
False
Is 45967785427 a composite number?
True
Is 739633963 prime?
True
Is 1477994123 a prime number?
False
Is 975982607 a prime number?
False
Is 9699088123 composite?
True
Is 6630522709 composite?
False
Is 3991984403 prime?
False
Is 8198891899 composite?
True
Is 510588473 composite?
False
Is 566810771 a prime number?
False
Is 690167459 prime?
False
Is 2608418653 a composite number?
True
Is 126536338853 composite?
False
Is 104017973789 prime?
True
Is 12267663566 a prime number?
False
Is 431420317 composite?
True
Is 3104554741 a composite number?
False
Is 65584129577 a composite number?
True
Is 12715055369 a composite number?
False
Is 105658769 composite?
False
Is 381246689 a prime number?
False
Is 111264606359 a prime number?
True
Is 313979539 prime?
False
Is 20019198707 prime?
True
Is 13177248863 prime?
True
Is 1735479643 composite?
True
Is 438535051 composite?
True
Is 5785241879 a composite number?
True
Is 521062999 prime?
False
Is 11647127081 a composite number?
False
Is 47383632598 composite?
True
Is 5918655835 prime?
False
Is 4420057133 a composite number?
True
Is 5759305081 composite?
False
Is 6305082887 composite?
True
Is 21241469663 composite?
False
Is 981461857 a prime number?
True
Is 16288871867 composite?
True
Is 22755917527 composite?
True
Is 108022615 composite?
True
Is 855029953 a composite number?
False
Is 1998747791 prime?
False
Is 20060558561 prime?
True
Is 1147591637 a prime number?
False
Is 407721127 a composite number?
True
Is 2260388773 a prime number?
False
Is 96696046 a composite number?
True
Is 4036972079 a composite number?
True
Is 91177353821 a prime number?
True
Is 7604128009 composite?
True
Is 839394191 prime?
True
Is 14186728981 a composite number?
False
Is 13169957165 prime?
False
Is 3234022793 composite?
False
Is 1252878631 a composite number?
True
Is 1162038907 a prime number?
True
Is 4208290547 a composite number?
True
Is 717298207 a prime number?
False
Is 35220163939 composite?
False
Is 107030893201 composite?
False
Is 57122494057 a composite number?
True
Is 14796287333 a composite number?
True
Is 640396309 a composite number?
True
Is 19181205163 a prime number?
False
Is 26342765417 a prime number?
False
Is 40110236701 composite?
False
Is 1849936449 composite?
True
Is 3846838969 a prime number?
False
Is 32018881 a prime number?
True
Is 15112774603 composite?
False
Is 45127951321 composite?
False
Is 187233718459 a prime number?
True
Is 342875191 a composite number?
True
Is 588327037 a composite number?
False
Is 8676335531 composite?
True
Is 8479158929 prime?
False
Is 5638390939 prime?
True
Is 44376189551 a composite number?
False
Is 269101867003 prime?
False
Is 82071481 composite?
False
Is 4207267153 prime?
True
Is 3221767999 a composite number?
False
Is 324517738 composite?
True
Is 331269899 a prime number?
True
Is 409007591 prime?
False
Is 28432442609 a prime number?
False
Is 16502985241 composite?
True
Is 2065838041 prime?
True
Is 23884338917 a composite number?
True
Is 28262876183 prime?
True
Is 381548143 a prime number?
True
Is 299489777 prime?
True
Is 6279002878 a composite number?
True
Is 1430717831 prime?
True
Is 6463899629 prime?
False
Is 6790122041 a composite number?
True
Is 1794387953 composite?
True
Is 29017073797 a composite number?
True
Is 4321502611 a prime number?
True
Is 929740489 a prime number?
False
Is 1209471551 prime?
True
Is 697825067 composite?
True
Is 3288397877 a composite number?
False
Is 3370138251 composite?
True
Is 5153141446 a composite number?
True
Is 1750983401 a composite number?
False
Is 599112803 a prime number?
True
Is 6395724847 prime?
True
Is 1422467231 a prime number?
False
Is 1041615409 a prime number?
True
Is 4794806347 prime?
False
Is 141216853 a composite number?
True
Is 133634753279 prime?
True
Is 76013681 prime?
False
Is 15642050177 composite?
True
Is 13181950619 a prime number?
True
Is 7965352271 a composite number?
False
Is 7259154443 a prime number?
True
Is 39608361769 a prime number?
True
Is 5417591735 prime?
False
Is 366829249 a prime number?
True
Is 63813047959 composite?
True
Is 328538603 prime?
True
Is 146160355673 prime?
False
Is 373382461 composite?
False
Is 52570244021 composite?
False
Is 91484705239 composite?
True
Is 16289852587 prime?
True
Is 175797091 composite?
False
Is 7809674923 composite?
False
Is 10942098997 a composite number?
False
Is 2571746779 a prime number?
False
Is 366689815 a composite number?
True
Is 9834673123 a prime number?
False
Is 8738357723 a prime number?
True
Is 16328604679 a prime number?
False
Is 3807430493 a composite number?
False
Is 1265711345 a prime number?
False
Is 5873252323 prime?
True
Is 1398356891 composite?
False
Is 2582741813 prime?
False